{"id":26,"date":"2012-11-01T03:20:39","date_gmt":"2012-11-01T02:20:39","guid":{"rendered":"http:\/\/www.artcomax.fr\/maxartpaint\/?page_id=26"},"modified":"2012-11-01T03:20:39","modified_gmt":"2012-11-01T02:20:39","slug":"contact","status":"publish","type":"page","link":"https:\/\/www.artcomax.fr\/maxartpaint\/contact\/","title":{"rendered":"Contact"},"content":{"rendered":"<p>Si vous souhaitez plus d\u2019informations sur l&rsquo;ensemble des \u0153uvres, ou simplement m&rsquo;\u00e9crire un simple mot, alors n&rsquo;h\u00e9sitez plus et contactez-moi !<\/p>\n<p>Au plaisir de vous lire !<\/p>\n<p>A bient\u00f4t !<\/p>\n<p>Maxime<\/p>\n","protected":false},"excerpt":{"rendered":"<p>Si vous souhaitez plus d\u2019informations sur l&rsquo;ensemble des \u0153uvres, ou simplement m&rsquo;\u00e9crire un simple mot, alors n&rsquo;h\u00e9sitez plus et contactez-moi ! Au plaisir de vous lire ! A bient\u00f4t ! Maxime<\/p>\n","protected":false},"author":1,"featured_media":0,"parent":0,"menu_order":4,"comment_status":"open","ping_status":"closed","template":"contact-page.php","meta":{"jetpack_post_was_ever_published":false,"footnotes":""},"class_list":["post-26","page","type-page","status-publish","hentry"],"jetpack_sharing_enabled":true,"jetpack_shortlink":"https:\/\/wp.me\/P2RefS-q","jetpack-related-posts":[],"_links":{"self":[{"href":"https:\/\/www.artcomax.fr\/maxartpaint\/wp-json\/wp\/v2\/pages\/26","targetHints":{"allow":["GET"]}}],"collection":[{"href":"https:\/\/www.artcomax.fr\/maxartpaint\/wp-json\/wp\/v2\/pages"}],"about":[{"href":"https:\/\/www.artcomax.fr\/maxartpaint\/wp-json\/wp\/v2\/types\/page"}],"author":[{"embeddable":true,"href":"https:\/\/www.artcomax.fr\/maxartpaint\/wp-json\/wp\/v2\/users\/1"}],"replies":[{"embeddable":true,"href":"https:\/\/www.artcomax.fr\/maxartpaint\/wp-json\/wp\/v2\/comments?post=26"}],"version-history":[{"count":1,"href":"https:\/\/www.artcomax.fr\/maxartpaint\/wp-json\/wp\/v2\/pages\/26\/revisions"}],"predecessor-version":[{"id":5204,"href":"https:\/\/www.artcomax.fr\/maxartpaint\/wp-json\/wp\/v2\/pages\/26\/revisions\/5204"}],"wp:attachment":[{"href":"https:\/\/www.artcomax.fr\/maxartpaint\/wp-json\/wp\/v2\/media?parent=26"}],"curies":[{"name":"wp","href":"https:\/\/api.w.org\/{rel}","templated":true}]}}